it of p?
1
Suppose -32*q - 5620 = -45684. What is the hundreds digit of 17 - 19 - 7/((-14)/q)?
6
Suppose -w = -5*k + 7*k + 361, -4*k = 5*w + 719. Let z = k + 223. What is the units digit of z?
2
Let w(i) = -38*i**2 - 2*i - 36. Let b be w(7). Let p = -898 - b. What is the tens digit of p?
1
Suppose 0 = 5*m + 2273 + 1592. Let s = m + 1388. What is the units digit of s?
5
Suppose -3*g = h - 54 - 25528, g - 8506 = 5*h. What is the thousands digit of g?
8
Let r(w) = 440*w**2 - 52*w + 138. What is the tens digit of r(3)?
4
Let t(j) = j**2 + 53*j + 287. What is the units digit of t(70)?
7
Let d = -23 + 25. Suppose -5*y + 6 = -d*y. Suppose -8 = -4*p + y*p. What is the units digit of p?
4
Let n(c) = 4*c + 90. Let m be n(-22). Suppose 0 = -m*q + 3*p + 351, -88 + 277 = q + 3*p. What is the tens digit of q?
8
Suppose -10 = -15*t + 13*t. Suppose 3*s - 212 = t*z, 0 = 5*s - 2*s + 5*z - 202. Suppose -u + s = 2*u. What is the tens digit of u?
2
Let f(t) = -7*t**3 - t**2 - 3*t - 5. Let m be f(-3). Let g = m - -98. What is the tens digit of g?
8
Suppose d - 104 = 2*p, -2*d = -5*d - p + 333. Let t = -61 + d. What is the tens digit of t?
4
Suppose 56 = 4*p - 5*b, 2*b - 14 = -p + 4*b. Let m be ((-7)/p)/((-1)/8). Suppose 4*i + 724 = 5*y, -m*y + 864 = -5*i + 292. What is the tens digit of y?
4
Suppose -3*h - 3*d = 57, 0 = -2*h - 3*d - 20 - 14. Let l = h + 23. Suppose l*z + 10 = z. What is the tens digit of z?
1
Suppose 2*b = -3*y + 55054, -4*b - 19*y = -24*y - 110020. What is the ten thousands digit of b?
2
Let a be -1*6*(18/(-4))/(-9). Let h be a + 7 + 0 + -5. Let d(o) = 247*o**2 - 2*o - 1. What is the hundreds digit of d(h)?
2
Suppose 2*k + 4 = 2*d, -3*d = 5*k + d - 8. Let g be ((-33)/2)/((-8)/224). Suppose -s = -4*j - 141 + g, k = 2*j - 5*s - 183. What is the tens digit of j?
7
Suppose -7*h - 47 = -19. What is the units digit of (1 + 52)/(h + -6 - -11)?
3
Let h(i) = -i**3 - 7*i**2 - 11*i - 31. Let j = -105 - -94. What is the tens digit of h(j)?
7
Let l = -2900 - -3085. What is the units digit of l?
5
What is the tens digit of (-28)/(32/(-8)) - 371896/(-8 - 0)?
9
Let f be 1426/(-22) - 1*10/55. What is the units digit of f*135/(-18) + (-2)/4?
7
Let n(q) = 11*q**2 - 21*q - 918. What is the hundreds digit of n(-36)?
0
Let w = -6 - -65. Let q = 9 + w. Let h = q + -50. What is the units digit of h?
8
Suppose 2*u + 73 = -443. Let j = 115 + u. Let l = 42 - j. What is the hundreds digit of l?
1
Let f(y) = -275*y**2 - 11*y + 72. Let g be f(8). What is the units digit of (g/14)/3*(-147)/42?
8
Let d be (-6)/(-9) - (-16)/12. Suppose l - d*l = -212. Suppose 2*z - 30 - l = 0. What is the units digit of z?
1
Suppose 0 = 5*a - 3 - 7. Suppose -a*r + n - 144 + 718 = 0, -r = -5*n - 287. Let b = -188 + r. What is the units digit of b?
9
Let t(u) = u**2 + 5*u + 21. Let o be t(17). Suppose -7*d + 172 + o = 0. Suppose 0 = d*b - 80*b - 13. What is the tens digit of b?
1
Suppose 15 = -g + 19. Let b(y) = 2*y**3 + y**2 - 9*y + 8. Let w be b(g). Let n = 135 - w. What is the tens digit of n?
1
Suppose -4*v - 12 = k, -2*k + k + 5*v = -24. Suppose s + 4*s - 31 = 3*z, -k*z = -5*s + 33. Suppose 121 = s*l + 51. What is the units digit of l?
4
Let s = 1214 - 315. What is the hundreds digit of s?
8
Suppose -680 = -2*o - 3*o. Suppose 5*w + o - 31 = 0. What is the units digit of 60/35 + (-6)/w?
2
Let l(d) = -69*d**3 - d**2 + 31*d + 104. What is the tens digit of l(-5)?
4
Suppose 16*u - 8*u = 9160. What is the hundreds digit of 4 + u + -7 + 6?
1
What is the thousands digit of 2/37 + 4975824/1554?
3
Let m be 15/25*-1*(-5)/1. Suppose -4*d = -o - 8, 0*o - d = m*o - 15. Suppose 1080 = 4*n - 3*z, o*z - 6*z = -2*n + 538. What is the units digit of n?
3
Suppose 73*u + 82*u - 621238 = 37977. What is the hundreds digit of u?
2
What is the tens digit of 8/(-4) + (-48)/(-8)*(-8196)/(-9)?
6
Let b(l) = -3*l**2 + 10*l - 1. Let k be -14*(16/48 - (-4)/6). Let w be b(k). Let s = -501 - w. What is the units digit of s?
8
Suppose -5*p - 1 = -d - 2, -8 = -3*d + 4*p. Suppose 9*g - d*g = 5. Let u(f) = 176*f**2 + 2*f - 2. What is the hundreds digit of u(g)?
1
Suppose -3*o - 25 = k - 2*k, -3*k + 3*o + 87 = 0. Suppose k*b - 3012 = 25*b. What is the hundreds digit of b?
5
What is the thousands digit of 7/(84/30)*(0 + 1260)?
3
Suppose 8*n - 519 - 296 - 529 = 0. What is the units digit of n?
8
Suppose 3*f + 0*f + 2*s = 3201, -s = -2*f + 2134. Suppose -2*p = -x - 711, -4*p - 5*x = -f - 320. What is the hundreds digit of p?
3
Let m(h) = -h + 2. Let a(f) = 2*f - 2. Let v(p) = 5*a(p) + 4*m(p). Let n be v(1). Suppose 55 = 4*x + o, 0*x - n*o - 18 = -x. What is the tens digit of x?
1
Let l(w) = -39*w**2 - 6*w + 5. Let j(u) = u**2 - u. Let q(s) = -3*j(s) - l(s). What is the units digit of q(-4)?
5
Let x(k) = 9*k**2 + 41*k + 22. Let h be x(-8). Let d = h + -198. What is the units digit of d?
2
What is the hundreds digit of (-128 + 0)*(-21 + 24 + -75)?
2
Let a(b) be the second derivative of -4*b**3/3 - 4*b**2 + 14*b. Let v be a(-2). Suppose 3*j + 560 = v*j. What is the units digit of j?
2
Suppose 0 = 5*r - 2*r + 9, k = -4*r - 32. What is the tens digit of (-4)/k + -3 + (-6087)/(-15)?
0
Let y be (28/5)/(2 + 118/(-60)). Suppose -y = -3*p - 0. Suppose -v - p = -q - 3, 5*q = -3*v + 225. What is the units digit of q?
8
Suppose 6*s - s = 30. Suppose 3*d - 5*d = -s. Suppose f = d*f - 222. What is the units digit of f?
1
Let k(s) = -131*s**3 - 3*s**2 - 70*s - 423. What is the units digit of k(-6)?
5
What is the thousands digit of (-3)/7 + ((-16470576)/21)/(-12)?
5
Let w(f) = f**3 + 11*f**2 - 13*f - 8. Let k be w(-12). Let i be k/(-1) + (2 - -4). Suppose -2*s + 7*s - 290 = i*n, 3*n = 4*s - 239. What is the tens digit of s?
5
Suppose 3*c - 9799 = 350*x - 351*x, -5*c = -5*x + 49075. What is the tens digit of x?
1
Suppose 5*h = 2*d + 310, h + d + 59 = 2*h. Suppose 8*a - h = 7*a. Let y = a + -20. What is the tens digit of y?
4
What is the units digit of 6/(-8) - 84/240*-6505?
6
Let p(c) = 435*c - 588. What is the hundreds digit of p(14)?
5
Suppose 5*s + 14424 = 42129. What is the units digit of s?
1
Let j(g) = 3*g**3 + 5*g**2 - 20*g - 11. What is the tens digit of j(14)?
2
Let z(c) = -8*c + 8. Let m be z(-2). Let q = -47 + m. Let w = 30 + q. What is the units digit of w?
7
Let d(j) = 2*j + 19. Let u be d(-7). Suppose 11 = u*r - 79. What is the tens digit of r?
1
Suppose -5 - 7 = -4*v. Suppose -v*u + 2 = -b - 4*u, 4*b - u = 17. Suppose 4*i + b*g + 2*g = 74, 2*i - 2*g - 46 = 0. What is the units digit of i?
1
Let w(a) = 3*a + 161. Let y(h) = -h + 10. Let f be y(10). What is the hundreds digit of w(f)?
1
Let a be (48/8)/((-6)/(-4)). Suppose -a*d + 28 = 3*d. What is the units digit of (-3)/((-3)/d) - -80?
4
Let y(p) = 114*p**2 - 106*p - 639. What is the ten thousands digit of y(-15)?
2
Suppose 0*c - 4*c = -t + 27, -5*c - 64 = -4*t. Suppose 3*p = -3*a + 1197, -9*p - 3*a - 808 = -t*p. What is the tens digit of p?
0
Suppose 12*c + 25*c = 30*c + 190596. What is the units digit of c?
8
Let r = -4454 - -5598. What is the units digit of r?
4
Let j be 0/(-18) + (-8)/(-2). Suppose 0 = g - j + 1. Suppose 2*d = 3*x + 4*d - 164, g*x = 4*d + 140. What is the tens digit of x?
5
Let h(l) = 2039*l**2 - 93*l - 146. What is the thousands digit of h(-5)?
1
Let r = -32 - -47. Suppose 4*t = -r - 1. What is the tens digit of (-2)/t + 3380/40?
8
What is the units digit of 306/3213 - 41557/(-21)?
9
Let u(z) = 1 + 3*z + z - 1 + 29. Let a be u(-6). Suppose -a*p = -378 - 727. What is the hundreds digit of p?
2
Let p(i) = i**2 + 6*i + 5. Let o be p(-3). Let f(x) = -x**3 + 3*x**2 - 3*x - 8. Let q be f(o). Let t = q - 69. What is the tens digit of t?
4
Suppose -5*z + a = -2*z - 40910, -3*z + 40913 = 2*a. Let n be z/39 + (-2)/3. Suppose -n = 6*v - 1135. What is the units digit of v?
1
Suppose -69*d - 84*d = -141*d - 103776. What is the units digit of d?
8
Let w be (-210)/27 - ((-2)/(-9))/1. Let k = w - -6. What is the units digit of (-1476)/(-54) - k/3?
8
Let i = 4170 - -2710. What is the units digit of i?
0
Let b = 2590 - 272. Suppose -k + 782 = 4*t - 8*t, 3*k = 5*t + b. What is the tens digit of k?
6
Suppose -3*q + 4*q = 126. Suppose -33 = u - 3*g, -u + 32*g = 35*g + 39. Let c = q + u. What is the tens digit of c?
9
Let n(r) = 4*r**2 + 43*r - 51. Let s be n(-12). What is the thous